12 - -503. Let f(g) = -g**2 - 7*g + 5. What is f(n)?
-13
Suppose -40*j + 43*j - 24 = 0. Let q(x) = -x**3 + 7*x**2 + 7*x + 17. What is q(j)?
9
Let q(x) = -x**3 + 7 - 2 - 3*x + x**2 + 0 + 4*x**2. Let v = 13 - 11. Suppose -v*f = f - 12. Give q(f).
9
Let l(k) be the second derivative of -k**4/12 - 2*k**3/3 + 3*k**2/2 - 3*k. Suppose 136 - 16 = -24*s. Calculate l(s).
-2
Let h(w) = w**2 + 4*w - 9. Let j be h(-5). Let p be -4 + 6/(j/(-4)). Let q(x) = -3*x**2 + 3*x - 1. Give q(p).
-7
Let u(g) = -g**2 - 10*g - 5. Let w be 1802/(-170) - 4/10. Give u(w).
-16
Let n(d) = 3*d**2 + 40*d + 1. Let f(b) = 4*b**2 + 60*b + 1. Let s(j) = -5*f(j) + 7*n(j). Determine s(20).
2
Let y(a) be the third derivative of a**4/12 + 11*a**3/6 + 71*a**2. Calculate y(-10).
-9
Let h(z) = z - 7. Suppose -25 = 3*t - 5*r, 8 = -4*t - 3*r - 6. Give h(t).
-12
Let s(o) = o**2 + 7*o - 6. Let m be -1*2 - (-1 - 1). Let z(q) = -2*q**2 - 12*q + 35. Let r be z(-8). Suppose y + r*y + 37 = u, m = -u + 5. What is s(y)?
2
Let q(f) = f**3 - 3*f**2 + f. Suppose 2*c = 19 + 21. Let k be (-2 - c/(-9))/((-2)/(-18)). Determine q(k).
-2
Let x(c) be the first derivative of -3*c**4/4 + c**3/3 - c**2 - 149. Give x(2).
-24
Let t(u) = -3*u + 5. Let r be t(5). Let a = 17 + r. Let p = a - 12. Let c(w) = -w - 1. Give c(p).
4
Let n(i) = 5*i. Let t(a) = 2*a**2 + 2*a. Let x(h) = h**2 - h + 1. Let v(q) = t(q) - 4*x(q). Let j be v(4). Let p be 2 - j/16*-4. Determine n(p).
-5
Suppose -15 = 12*i + 9. Let k(l) be the first derivative of l**2/2 + 3. Give k(i).
-2
Suppose -3*b + 21 = -5*k, 3*b + 5*k = -7 - 2. Let l(h) = -2 - h - 5*h + b*h**2 - h + 7. Calculate l(4).
9
Let q(h) = 2*h - 2. Let f be q(2). Let v(p) = -f*p - p + 4*p - 7 + 5. Determine v(4).
2
Suppose 3*j - 4*b = 2 - 5, 0 = 2*b. Let h(m) = 3*m - 5. Let k(p) = p. Let d(l) = j*h(l) + 5*k(l). Calculate d(-4).
-3
Let a(v) = v**3 - v**2 - v - 6. Let f = 33 + -20. Let w be (10 - f) + -2 + 5. What is a(w)?
-6
Let j(m) = m + 1. Let y(g) = 2*g + 2. Let n(o) = -11*j(o) + 6*y(o). Suppose -5*u + 25 = -0*u. Let f = u - 6. Give n(f).
0
Let t = 121 - 37. Let d be 0 - 10/(-8) - 21/t. Let v(i) = -4*i. What is v(d)?
-4
Let q = 148 - 140. Suppose -3 = -3*t - 4*n + 19, n - q = -2*t. Let z(x) = 4*x - 5. Calculate z(t).
3
Let k(s) = 23*s**3 + 2*s**2 + 3*s - 2. Let n(p) = p**3 - 2*p**2 - p + 1. Let j(c) = k(c) + 2*n(c). Calculate j(1).
24
Let m be (-1 + 0)/(4/(-8)). Let c(g) = 3*g + m - g - 3*g - g. Suppose b + 3*b = -16. Calculate c(b).
10
Suppose z = -3, 2*z - 3*z - 27 = -4*v. Let j(d) = 2*d**2 + v*d + 0*d**2 - 3*d**2 - 5 + 7. Give j(7).
-5
Let r(t) = t**3 + 8*t**2 - 8*t + 1. Let n be (134 + -128)/((-2)/3). Determine r(n).
-8
Suppose l - 2*l = 1. Let j(z) = z**2 - 8*z - 29. Let a be j(11). Let y(m) = m + 1. Let w(t) = -18*t - 3. Let k(i) = a*y(i) + w(i). Give k(l).
15
Let v(y) = -415*y**2 + 414*y**2 - 17 + 4 - 12*y. Calculate v(-11).
-2
Suppose -6*w - 20 = 4*w. Let l(k) be the second derivative of k**5/10 + k**4/3 + k**3/3 + k. Calculate l(w).
-4
Let g be (192/30 - 6) + 14/(-60). Let j(y) be the third derivative of -g*y**4 + 3*y**2 + 1/2*y**3 + 0 + 0*y. Give j(2).
-5
Let i = 411 + -1232/3. Let q(j) be the first derivative of -i*j**3 - 2*j + j**2 - 3. Give q(3).
-5
Let r(u) = -5*u + 5. Let m be r(-1). Let j be 2/10 - (-8)/m. Let q(z) = 6*z**2. Give q(j).
6
Let y = 42 - 38. Suppose 5 - 15 = 5*q - 5*u, -5*q - y*u - 37 = 0. Let b(z) be the third derivative of z**4/24 - 2*z**2. Calculate b(q).
-5
Suppose -4*d + 5*r - 36 = 10, 8 = -2*d - 5*r. Let j(h) = -8*h + 11. Let c(l) = 2*l - 3. Let z(m) = d*c(m) - 2*j(m). What is z(6)?
-7
Let p(k) be the third derivative of 4*k**2 + 0*k**3 - 11/24*k**4 + 0*k + 0. Determine p(1).
-11
Let y(n) = n**2 - 12*n - 4. Let g be y(11). Suppose -h + 5*l + 4 = 9, 2*l = 6. Let f be (4/6)/(h/g). Let u(w) = -12*w. Calculate u(f).
12
Let f(l) = 8 + 1 - 4*l - 3 - l**2. Let t(h) = h**2 - 12*h + 13. Let y be t(11). Suppose -12 = -0*b + y*b. What is f(b)?
-6
Let y(z) = 4*z**2 - 1. Suppose n + n + 3*h + 3 = 0, -4*n - 3 = 3*h. Suppose 5*m - 1 = -r + 4, n = 3*m - 3*r - 3. Calculate y(m).
3
Let o(f) = 10*f + 41. Let c(i) = 3*i + 10. Let h(l) = -9*c(l) + 2*o(l). Calculate h(6).
-50
Let z(x) = -2*x - 1. Let c be z(-3). Let s(m) = m - 1. Let a(y) = -1. Let f(j) = c*s(j) - 6*a(j). Determine f(1).
6
Let t(z) = 2*z - 9. Let f = -1316 - -1328. Determine t(f).
15
Suppose 2*s + s = -15. Let f(m) be the second derivative of -m**4/12 - m**3/2 + 2*m**2 - m - 93. Determine f(s).
-6
Suppose -6 = -9*v - 42. Let p(r) = 2*r**2 + 6*r + 1. What is p(v)?
9
Let y(w) = -w**3 - 3*w**2 + 3*w - 4. Let g(u) be the first derivative of -u**3 - 8*u**2 - 8*u - 7. Let z be g(-5). What is y(z)?
-13
Let z(w) = -3*w - 8. Let v(q) = -13*q + 112. Let o be v(9). Calculate z(o).
7
Let p(o) be the first derivative of o**4/4 - 2*o**3 + 3*o + 64. What is p(6)?
3
Let f(v) = -v**2 + 2*v + 1. Suppose 4*p + 5*p = p. Suppose w - 6 = 5*o, -5*o + 8*o + 3*w = p. Give f(o).
-2
Suppose 8 = 2*h - 6*h. Let p(u) = u - 6. Let d(k) = k - 5. Suppose m + 3*m + 20 = 0. Let n(y) = m*p(y) + 6*d(y). Give n(h).
-2
Let v(b) be the second derivative of b**4/12 - 5*b**3/6 - 5*b**2/2 - b. Suppose -4*q - 26 = -3*x + 2*x, 5*q = 4*x - 49. Calculate v(x).
1
Suppose -14*b - 21 = 21. Let c(v) = -v**2 - 8*v + 3*v + 0 + 1. What is c(b)?
7
Let x(g) = -5 + 2*g**2 + 0 + 8 - 3*g**2 + 4*g. Calculate x(4).
3
Let a(d) = -9*d**2 - 1. Let p(h) = -3*h**2 + h**3 - 6 + 0*h**2 - 4*h + 10. Let o be p(4). Suppose 2*f = 5*k - 5, 2*f - 7*f + 4 = o*k. Give a(k).
-10
Let f(j) = 2*j**2 + 2*j - 5. Let u(s) = 1. Let l(a) = f(a) + 6*u(a). Let o be 2/6*(-14 + 11). Determine l(o).
1
Suppose 2*n - 65 = -n - 2*l, 4*l = 2*n - 54. Let g = 44 - n. Let c = g - 21. Let b(p) = p**3 + p + 11. What is b(c)?
11
Let n(j) = -j**2 + 11*j. Let t be n(11). Suppose t = 3*u - u + 34. Let x = -14 - u. Let k(h) = h - 1. Determine k(x).
2
Let c be 21/84 - (-5)/(-4)*-7. Let x(b) = b - 11. What is x(c)?
-2
Let z(a) be the third derivative of 5*a**4/12 + 4*a**2. Let h be (55/(-5) + 12)*(-1 + 0). What is z(h)?
-10
Suppose 87*w - 25 = 82*w. Suppose o - 9 = -3*y, -o - w*y + 13 = -2. Let j(b) = -b**3 + b + 4. What is j(o)?
4
Suppose 7 = -17*z - 10. Let x(k) = 33*k - 1. What is x(z)?
-34
Let h(q) = -q - 4. Let z(j) = 5*j + 18. Let d(t) = -11*h(t) - 2*z(t). Suppose -5*w - 25 = -3*a, -10 = -2*a - 3*a + 2*w. Determine d(a).
8
Let k(s) be the first derivative of -s**4/2 + s**3/3 + 2*s + 212. What is k(-2)?
22
Let m = 27 - 23. Let t be 0/(m - (8 - 2)). Let u(k) = -k**3 + 10. Calculate u(t).
10
Suppose 0 = 3*u - 2*h - 28, 0 = -u - 4*u + 5*h + 40. Let c be 24/14 + u/42. Let x(m) = -m + 1. Calculate x(c).
-1
Suppose -289 = -5*m - 74. Let x(r) = 2 - 32*r - 3 + m*r. Calculate x(-1).
-12
Let u(q) be the third derivative of q**4/24 - 4*q**3/3 - q**2. Let z(b) = -b**3 + b**2 + 8*b - 4. Let s be z(3). Let r be 31/20*4 - s/10. What is u(r)?
-2
Let s = 5 + -2. Let o(k) be the third derivative of -k**6/120 + k**5/20 + k**4/24 - k**3/6 - 19*k**2. Give o(s).
2
Let c(p) = -5*p + 43. Let m(y) = 11*y - 92. Let v(k) = 13*c(k) + 6*m(k). Determine v(-19).
-12
Let f(p) be the second derivative of p**3/6 - 5*p**2/2 + 3*p. Let g be f(12). Let n(q) = 0*q - g + 5 - q. Determine n(-6).
4
Suppose 98 = 81*z - 32*z. Let s(i) be the first derivative of -13 - 4*i + 3/2*i**z + 1/3*i**3. Give s(-4).
0
Let x(c) = 6*c**2 + c - 1. Let v be x(1). Let b be (-87)/27 - -4 - (-4)/18. Let a(r) = -b + 608*r + r**2 - 6*r**2 + r**3 - 613*r. Give a(v).
5
Let c(f) = 3*f**2 + 0*f**2 + 6*f**2 - 6 + f**3. Suppose 0 = 3*t - 5*h + 47, -4*h - 35 = -51. Give c(t).
-6
Let p(g) = -4*g**3 + 3*g**2 + 7*g. Let l(s) = 5*s**3 - 3*s**2 - 8*s - 1. Let v(n) = -3*l(n) - 4*p(n). Let a be v(4). Let k(y) = -6*y. What is k(a)?
-18
Let u be 4 + (-9 - -3) - -8. Let y be (-3)/6*1*0. Let v(p) = 4 + y - p - 4. Calculate v(u).
-6
Let o be -6 + 3 - (2 - -1). Let c(n) = n**3 - 4*n**2 - 3*n. Let r(b) = -b**3 + 3*b**2 + 3*b. Let p(z) = o*c(z) - 7*r(z). Give p(-4).
-4
Let v(l) = -l**2 + 5*l - 3. Suppose -2*f - 18 = -8. Let h(u) = -3*u - 5. Let p be h(f). Let b = 14 - p. Determine v(b).
1
Let t(c) = -c**3 + 5*c**2 - 4*c + 4. Suppose 4*o + 48 = 4*h, 2*o - 7*o - 52 = -4*h. Suppose 12 + h = -5*j. Let p be j/(4 - 0) + 5. What is t(p)?
4
Let r(g) be the second derivative of -g**6/360 